7274.
2, 11, 4683967
What are the prime factors of 101565341?
157, 646913
What are the prime factors of 2344365268?
2, 7, 83727331
What are the prime factors of 1360660768?
2, 41, 1037089
List the prime factors of 77273115.
3, 5, 5151541
List the prime factors of 65179387.
7, 13, 716257
What are the prime factors of 127673526?
2, 3, 47, 89, 5087
List the prime factors of 875045280.
2, 3, 5, 1823011
What are the prime factors of 50978670?
2, 3, 5, 1699289
List the prime factors of 482484197.
13, 61, 608429
What are the prime factors of 349818202?
2, 37, 1951, 2423
List the prime factors of 100652385.
3, 5, 6710159
List the prime factors of 1069136190.
2, 3, 5, 11879291
List the prime factors of 1833829496.
2, 73, 827, 3797
What are the prime factors of 3888379090?
2, 5, 47, 2309, 3583
What are the prime factors of 500106556?
2, 125026639
What are the prime factors of 2969013771?
3, 181, 313, 647
What are the prime factors of 102507226?
2, 51253613
What are the prime factors of 48415518?
2, 3, 59, 45589
What are the prime factors of 52223992?
2, 1123, 5813
List the prime factors of 265965765.
3, 5, 13, 17, 80231
What are the prime factors of 25662813?
3, 11, 777661
What are the prime factors of 123519467?
17, 427403
What are the prime factors of 28428889?
823, 34543
List the prime factors of 50553490.
2, 5, 13, 19, 97, 211
List the prime factors of 792608815.
5, 73, 151, 197
List the prime factors of 917972148.
2, 3, 29, 229, 11519
What are the prime factors of 59581703?
43, 1385621
What are the prime factors of 107587836?
2, 3, 23, 129937
What are the prime factors of 807993529?
7, 115427647
What are the prime factors of 179763194?
2, 13, 6913969
List the prime factors of 115138047.
3, 43, 191, 4673
List the prime factors of 82533340.
2, 5, 19, 43, 5051
List the prime factors of 210104071.
17, 19, 650477
List the prime factors of 37407916.
2, 7, 13, 102769
What are the prime factors of 105212697?
3, 35070899
List the prime factors of 152464777.
227, 671651
What are the prime factors of 3376372407?
3, 1125457469
What are the prime factors of 333322425?
3, 5, 493811
What are the prime factors of 28595532?
2, 3, 7, 19, 23, 41
List the prime factors of 50813011.
19, 2674369
What are the prime factors of 103854802?
2, 17, 3054553
List the prime factors of 110324370.
2, 3, 5, 13, 457, 619
What are the prime factors of 82950213?
3, 23, 173, 6949
List the prime factors of 762184850.
2, 5, 7, 83, 26237
What are the prime factors of 2972007634?
2, 31, 47935607
What are the prime factors of 15875823?
3, 5291941
List the prime factors of 3976680.
2, 3, 5, 31, 1069
What are the prime factors of 1144563398?
2, 11, 23, 103, 21961
List the prime factors of 39872096.
2, 11, 227, 499
What are the prime factors of 21249648?
2, 3, 7, 7027
What are the prime factors of 490845873?
3, 7, 23373613
What are the prime factors of 1834037601?
3, 11, 263, 211319
List the prime factors of 4290302466.
2, 3, 103, 2314079
List the prime factors of 2430680192.
2, 929, 20441
What are the prime factors of 9534565168?
2, 53, 617, 18223
What are the prime factors of 3324981246?
2, 3, 23, 37, 651191
What are the prime factors of 975309906?
2, 3, 151, 1076501
What are the prime factors of 5285852471?
41, 128923231
List the prime factors of 1978735139.
71, 27869509
List the prime factors of 494137114.
2, 247068557
What are the prime factors of 321417290?
2, 5, 2657, 12097
List the prime factors of 1524382088.
2, 190547761
What are the prime factors of 203186074?
2, 7, 13, 17, 3863
List the prime factors of 25114586.
2, 7, 929, 1931
What are the prime factors of 625658839?
13, 3169, 15187
What are the prime factors of 1170455279?
7, 751, 222647
List the prime factors of 2114701318.
2, 12491, 84649
What are the prime factors of 277563099?
3, 11, 263, 31981
What are the prime factors of 223876158?
2, 3, 11, 23, 147481
List the prime factors of 827927192.
2, 811, 127609
What are the prime factors of 1537194160?
2, 5, 19214927
What are the prime factors of 87388806?
2, 3, 17, 197, 4349
What are the prime factors of 176209816?
2, 79, 278813
List the prime factors of 80640766.
2, 1993, 20231
List the prime factors of 1682442464.
2, 61, 861907
What are the prime factors of 148329969?
3, 49443323
List the prime factors of 626011973.
1453, 430841
List the prime factors of 11678664.
2, 3, 23, 21157
List the prime factors of 126776597.
4243, 29879
What are the prime factors of 20255831?
97, 367, 569
What are the prime factors of 2372562345?
3, 5, 907, 174389
List the prime factors of 5307814775.
5, 212312591
What are the prime factors of 353117241?
3, 461, 85109
What are the prime factors of 179404964?
2, 44851241
What are the prime factors of 134921471?
97, 167, 8329
What are the prime factors of 925885865?
5, 19, 9746167
List the prime factors of 727359627.
3, 83, 163, 17921
What are the prime factors of 193188252?
2, 3, 163, 283, 349
List the prime factors of 2856198242.
2, 61, 313, 74797
What are the prime factors of 892250823?
3, 71, 4188971
List the prime factors of 3367256684.
2, 11, 19, 4027819
What are the prime factors of 781396027?
781396027
What are the prime factors of 2512591506?
2, 3, 577, 241921
List the prime factors of 1246752933.
3, 163, 2549597
What are the prime factors of 1199982162?
2, 3, 17, 31, 379501
List the prime factors of 422710159.
19867, 21277
List the prime factors of 705293028.
2, 3, 11, 31, 1741
What are the prime factors of 886102215?
3, 5, 59073481
What are the prime factors of 228160425?
3, 5, 461, 6599
What are the prime factors of 1884401281?
7, 3923, 9803
What are the prime factors of 1917954502?
2, 958977251
What are the prime factors of 641991965?
5, 128398393
What are the prime factors of 4685354517?
3, 1561784839
List the prime factors of 5186873883.
3, 1728957961
What are the prime factors of 24280818?
2, 3, 4046803
List the prime factors of 181351200.
2, 3, 5, 19, 41, 97
List the prime factors of 50436933.
3, 16812311
What are the prime factors of 186359993?
3907, 47699
List the prime factors of 1800045448.
2, 4523, 49747
What are the prime factors of 3289631798?
2, 167, 9849197
List the prime factors of 1927558126.
2, 13, 71, 1044181
What are the prime factors of 1126191398?
2, 929, 606131
What are the prime factors of 1681853065?
5, 336370613
What are the prime factors of 310388791?
310388791
List the prime factors of 300530348.
2, 101, 479, 1553
List the prime factors of 53729736.
2, 3, 487, 4597
What are the prime factors of 8933498758?
2, 14627, 305377
What are the prime factors of 806968625?
5, 6455749
What are the prime factors of 1780754172?
2, 3, 148396181
List the prime factors of 395210393.
19, 73, 83, 3433
List the prime factors of 4932104545.
5, 89, 107, 103583
What are the prime factors of 100659381?
3, 577, 58151
What are the prime factors of 106973469?
3, 17, 41, 17053
List the prime factors of 3139788053.
97, 32368949
List the prime factors of 679616531.
11, 17, 3634313
List the prime factors of 2157455286.
2, 3, 7, 73, 163, 1439
List the prime factors of 249778456.
2, 389, 80263
What are the prime factors of 5508533?
97, 109, 521
What are the prime factors of 4630720828?
2, 1157680207
List the prime factors of 2290122117.
3, 19, 31, 41, 257
What are the prime factors of 269068412?
2, 67267103
What are the prime factors of 781752884?
2, 11, 29, 71, 8629
What are the prime factors of 1060207449?
3, 7, 50486069
List the prime factors of 22420491.
3, 647, 11551
List the prime factors of 504366920.
2, 5, 12609173
List the prime factors of 4799692053.
3, 13, 41023009
List the prime factors of 2064964982.
2, 28603, 36097
What are the prime factors of 376429467?
3, 1709, 73421
List the prime factors of 185316081.
3, 5827, 10601
List the prime factors of 290222265.
3, 5, 37, 43, 12161
What are the prime factors of 940884590?
2, 5, 73, 853, 1511
What are the prime factors of 444219396?
2, 3, 191, 193813
List the prime factors of 630960103.
283, 2229541
List the prime factors of 854286044.
2, 37, 5772203
What are the prime factors of 291454650?
2, 3, 5, 41, 15797
What are the prime factors of 21543941?
269, 283
What are the prime factors of 4626711633?
3, 257, 1993, 3011
What are the prime factors of 302241779?
7, 43177397
List the prime 